. Calculate the greatest common factor of 13 and t.
13
Suppose 13 = -2*r + 5. Let u(l) = l**2 + l - 2. Let q be u(r). Calculate the greatest common divisor of q and 2.
2
Let q = 16 - 10. Suppose 2*o = -2 + 20. Let l = 13 - o. What is the highest common factor of q and l?
2
Let h be ((-4)/16)/((-4)/496). What is the highest common factor of 217 and h?
31
Let d(x) = x**3 - 10*x**2. Let s(m) = m**2 + m. Let z(t) = -d(t) - 4*s(t). Let q be z(4). What is the highest common factor of 2 and q?
2
Let a(m) = 17*m**2 + m - 1. Let x be a(1). What is the highest common divisor of x and 119?
17
Let m(f) = 2*f**2 - f - 2*f - 2 + f + 3*f**2. Suppose 2*a - 18 = -w - w, -a + 4*w - 16 = 0. Let l be m(a). Calculate the greatest common divisor of 14 and l.
14
Let p(z) be the first derivative of z**3 + 7*z**2/2 + 5*z + 2. Suppose 11*v - 15*v - 20 = 0. Let k be p(v). What is the highest common factor of k and 5?
5
Let k = -48 - -69. Suppose 6 = -3*c + k. Suppose 59 = c*x - 1. What is the greatest common factor of 36 and x?
12
Let r = -10 - -12. Suppose 4*j - 2 = -r*w + 22, -j - 2*w + 3 = 0. What is the highest common factor of 28 and j?
7
Suppose 0*q - 20 = -5*q. Suppose 0 = -q*f + 86 + 202. Calculate the greatest common divisor of f and 18.
18
Let x(k) = -18*k - 10. Let w be 57/(-6) - 3/(-6). Let l be x(w). What is the highest common factor of l and 19?
19
Suppose 2*w = 50 + 38. Suppose h - 61 = w. Calculate the highest common divisor of 21 and h.
21
Let r(t) = t**3 - 5*t**2 - 4*t - 1. Let w be r(6). Let y(j) = j**3 - j**2 - 6*j + 7. Let l be y(5). What is the highest common factor of w and l?
11
Let s(z) = -3*z - 1. Let d be s(-1). Suppose d*t = -2*t. Suppose -h - 4*h + 35 = t. Calculate the highest common divisor of 21 and h.
7
Let n(l) = 2*l**2 - 5*l - 3. Let g be n(5). What is the greatest common factor of g and 33?
11
Let y(t) = 240*t**2. Suppose 3*p + n - 1 = 0, 0*p - 9 = -3*p - 3*n. Let s be y(p). Suppose -144 = -4*v + s. What is the highest common divisor of 12 and v?
12
Let q be ((-12)/4)/(1 - 0). Let c be -5 - q - (-1 + -5). Let s be (c/10)/(3/45). What is the greatest common divisor of 18 and s?
6
Let h = 1 - -5. Let m = 10 + -4. Suppose -174 = -4*c - m. What is the greatest common factor of h and c?
6
Let g(n) = -n**3 - 6*n**2 + 2. Let z be g(-6). Let v = 4 - z. Let m be 16*((-1)/v + 2). What is the highest common factor of 6 and m?
6
Suppose 0 = 4*z - 3 + 279. Let l = z + 103. Suppose 4 + 1 = -o, 0 = -v - 3*o + 70. What is the greatest common divisor of l and v?
17
Suppose -3*s - 5 = 3*t - 176, 3*t - 5*s - 147 = 0. Calculate the highest common factor of t and 36.
18
Suppose -4*a = a - h - 46, 13 = a - 4*h. Let g be (324/14)/((-3)/(-21)). Suppose g = -0*q + 2*q. What is the greatest common factor of q and a?
9
Let c be (-12)/8 + ((-530)/(-4) - -1). What is the greatest common divisor of c and 12?
12
Let k = -42 - -72. Suppose n = 4*n - k. What is the highest common divisor of 4 and n?
2
Let f = -23 - -37. Let c = -19 + 33. Calculate the greatest common divisor of f and c.
14
Let p(f) = 13*f + 7. Let q = 13 - 18. Let s(t) = -t**3 - 5*t**2 - t + 2. Let g be s(q). Let i be p(g). What is the greatest common factor of 14 and i?
14
Let n be -24 - (0 - (2 - 1)). Let s = n + 42. Let i = 40 + -2. Calculate the highest common factor of i and s.
19
Let z be -1*1*591/3. Let c = z + 281. Calculate the highest common factor of 12 and c.
12
Let b(w) be the third derivative of -w**5/60 - 7*w**4/24 + w**3/6 - 4*w**2. Let a be b(-5). Calculate the greatest common divisor of a and 1.
1
Let h = 22 - 10. Calculate the highest common divisor of 15 and h.
3
Let j(w) = w**2 + 4*w + 6. Let r be j(-5). Let i = r + -7. Suppose -2*o + 9 = 5*v, 0 = -0*v - 4*v - i*o. What is the highest common factor of 33 and v?
3
Let h = 23 - -21. Calculate the highest common factor of 11 and h.
11
Let y(m) = m + 5. Let r be y(-6). Let n be 72/r*(-15)/10. What is the greatest common factor of 12 and n?
12
Let k = -119 + 214. Let p(d) = 10*d + 59. Let b be p(-4). What is the greatest common factor of b and k?
19
Let z be (-46)/(-4) - 1/(-2). Suppose 258 + 606 = 9*n. Calculate the highest common factor of n and z.
12
Let v = 77 - 54. Calculate the greatest common divisor of 115 and v.
23
Suppose -2*j + 2*i - 66 = -3*j, 3*j + 5*i = 201. Suppose u + 28 = 3*b + 3*u, 0 = 3*u - 6. Calculate the highest common divisor of j and b.
8
Let q be ((-12)/(-21) + 0)*(-49)/(-14). Let x = 23 - 15. What is the greatest common factor of q and x?
2
Let i = 11 + -5. Let m be 94/i - (-1)/3. Let u be (-64)/(-6)*42/4. Calculate the greatest common divisor of u and m.
16
Let h be -12*(0 + 3)/(-9). Let z = 13 + 76. Suppose 0 = h*k - 3*g - z, 0 = -2*k - 0*g - g + 37. What is the highest common factor of k and 160?
20
Let b = -4 - -13. Let g be 2/b*-6*-15. Calculate the highest common divisor of 50 and g.
10
Let q = 472 + -451. Let t(i) = -i**2 + 5*i + 5. Let v be t(6). Let y be 21*(2 - (v - -2)). Calculate the greatest common factor of q and y.
21
Suppose 3*h - 290 = 5*y + h, 3*y + 165 = 3*h. Let a be y*((-8)/(-6) - 2). Let p = a + -29. Calculate the greatest common divisor of 11 and p.
11
Suppose 14 = 3*f - 13. Suppose o = 4*d + 5*o - 16, 3*d - 5*o + 20 = 0. Suppose -a + 0 + f = d. Calculate the highest common divisor of a and 9.
9
Suppose -q - 15 = -6*q. Suppose v + q*v = 2*r + 8, -v = -5*r - 2. Suppose 130 = 5*a - 2*i + 4*i, 0 = v*i + 10. Calculate the highest common factor of 4 and a.
4
Suppose -4*s - 34 = -2*j, -37 - 14 = -3*j + s. What is the highest common divisor of j and 136?
17
Suppose -4*n + 70 = l + 2*l, -2*n = 10. Let g = 52 - l. What is the highest common factor of 44 and g?
22
Let c = -30 + 120. What is the greatest common divisor of 60 and c?
30
Let p = -101 + 200. Let x = -2 + 5. Suppose -4*k = -x*k - p. What is the highest common divisor of k and 11?
11
Let a(q) = q**3 + 4 - 10*q - 13 + 4 + 8*q**2. Let d be a(-8). Calculate the greatest common divisor of 30 and d.
15
Let k be 4 - 2 - (-3 - 0). Suppose -2*n = -n - 13. Suppose 3*q - n - k = 0. Calculate the highest common divisor of q and 3.
3
Let r(u) = 6*u - 24. Let d be r(10). Calculate the greatest common factor of d and 4.
4
Suppose -4*d + 124 - 108 = 0. Calculate the greatest common factor of d and 8.
4
Let l(i) = -2*i + 2. Suppose -5*g + 2*g - 15 = 0. Let x be l(g). Suppose -n - a + 12 = 0, n = 2*a - a + x. Calculate the greatest common factor of n and 3.
3
Suppose 0*v = -5*v + 10. Let y be (3/(-2))/(2/(-4)). What is the greatest common factor of v and y?
1
Let k be (2/2)/(1/108). What is the highest common divisor of k and 12?
12
Let k(d) = -d**3 + 9*d**2 - 6*d - 3. Let h be k(7). Let v = h - 13. Calculate the greatest common divisor of v and 16.
8
Suppose -2*v = -3*v + 143. Calculate the greatest common factor of v and 13.
13
Let z(l) = 175*l + 1. Let i = 26 + -25. Let g be z(i). What is the highest common divisor of 16 and g?
16
Let v(w) = -47*w - 73. Let k be v(-2). Let m be 4/14 + (-472)/(-14). Let h be (-2)/5 + m/10. What is the greatest common factor of k and h?
3
Suppose 0 = -5*x + 2*m + 125, 4*m + 1 = x - 6. Let w be (0 + -20)*6/(-15). Suppose w = 3*j - 19. What is the highest common divisor of j and x?
9
Suppose 5 = -0*a - a. Let v = a + 19. What is the highest common factor of 35 and v?
7
Let n be ((-99)/(-66))/((-1)/(20/(-6))). Suppose 3*m - 2*j = 13, 3*j + 6 - 19 = -2*m. Calculate the greatest common divisor of n and m.
5
Suppose 0 = -3*w - w - 4*a + 12, 4*w - 5*a - 57 = 0. Let m be (-3)/(-6)*-4 + w. Suppose -2*x + m*x - 80 = 0. Calculate the greatest common factor of 4 and x.
4
Suppose -5*w + 453 + 372 = 0. Suppose -y - 4*y + w = 0. Calculate the greatest common divisor of y and 3.
3
Let c be 2 - (-9 + (0 - 1)). Let d be ((-8)/c)/((-4)/42). What is the greatest common factor of d and 49?
7
Let u be (3/6)/((-3)/(-42)). Suppose -l = -u + 5. What is the highest common divisor of l and 3?
1
Suppose -b - 4*b - 30 = 0. Let t be ((-4)/6)/(b/1458). Suppose 3*i + 9 = 63. What is the highest common factor of i and t?
18
Let f be -1*(-11 + 0 - 1). Suppose -3*j + 5*z - 159 = -4*j, -5*z = -2*j + 273. Suppose 0 = -2*c - 24 + j. Calculate the greatest common factor of f and c.
12
Let w be (-98)/(-10) + 1/5. Suppose -6*o = -o + w. Let d = o - -5. W